s t(n)?
-16
Let i = 42 - 49. Let j(t) = -t**3 - 6*t**2 + 5*t - 8. Calculate j(i).
6
Let s(t) = 3*t**2 - t - 2. Suppose -3*h - 10 = 2*k + h, -k - 9 = 3*h. Let j = -1 + k. What is s(j)?
8
Suppose 15 = 4*z - z. Let n(x) = 0*x + 3*x - x - z*x + x**3 - 3*x**2 - 3. Calculate n(4).
1
Let b be (10/(-4))/(1/(-2)). Let f(g) = g**3 - 6*g**2 + 4*g + 7. Let j be f(b). Let y(h) = h**2 - j*h**2 + 6*h**2 + 1. Give y(-1).
6
Let o(x) = 3*x**2 - 3*x + 24 - 19 - 4*x**2. Give o(-5).
-5
Let m(s) = 9*s - 3*s + 0 - s**2 + 0 + 5. What is m(5)?
10
Let h(a) be the second derivative of a**5/20 + a**3/6 - 6*a**2 + a. Determine h(0).
-12
Let l(t) = 2*t**2 + t. Suppose 0 = -0*n + 2*n. Let i = 1 - n. Calculate l(i).
3
Suppose -2*r + 9 = 7. Let q(f) = -2*f**3 - f**2 + 2*f - 1. What is q(r)?
-2
Let h be -1 + 1 - (-403)/13. Let r(c) = -16*c + 4 - 17*c + h*c - 2. What is r(3)?
-4
Suppose 5*q - 15 - 15 = 0. Let c(f) = -f**3 + 7*f**2 - 6*f - 2. Determine c(q).
-2
Let j(p) = -4*p**3 - 5*p**2 - 6*p - 4. Let t(n) = 11*n**3 + 15*n**2 + 17*n + 11. Let g(u) = 8*j(u) + 3*t(u). Let r = -72 + 68. Determine g(r).
5
Let z(n) be the third derivative of n**4/24 - 7*n**3/6 - 3*n**2 + 6. Suppose -2*p + p - 1 = x, 3*x = 4*p - 3. Give z(p).
-7
Let i(v) = -v**3 + 18*v**2 - 8. Let s be i(18). Let j(b) = b**2 + 9*b + 7. Calculate j(s).
-1
Let b(s) = -s**2 - 1. Let x be 4*(-3)/(-6)*-1. Give b(x).
-5
Let d(k) be the third derivative of k**7/840 + k**6/60 - k**5/120 - 5*k**4/24 - k**3 + 8*k**2. Let p(h) be the first derivative of d(h). What is p(-6)?
1
Let b(l) = -l**3 + l**2 + l - 11. Let r(u) = u**2 + 10*u + 21. Let g be r(-7). Give b(g).
-11
Let z(t) be the third derivative of t**8/2520 - t**7/5040 + t**6/720 - t**5/30 + 3*t**2. Let h(i) be the third derivative of z(i). Determine h(1).
8
Suppose -2*k + 2 = -2. Let x(v) = 6*v**2 - v + v**2 - 3*v**2 + k - v**3. What is x(4)?
-2
Let f(z) = 3*z**3 - 2*z**2 + 1. Let m be f(1). Let d(r) be the second derivative of -r**3/6 + r**2/2 + 2*r. Calculate d(m).
-1
Let d(r) = r**2 - 4*r - 2. Let o be 26/10 + (-22)/(-55). What is d(o)?
-5
Let b(q) = q**2 + 10*q + 16. Let f be b(-8). Let h(c) = -c. Give h(f).
0
Let b(y) = -y**3 - 6*y**2 - 7*y - 2. Suppose j - 24 = 5*j. Let s(i) = -i**2 - 6*i - 5. Let o be s(j). What is b(o)?
8
Let t(l) be the third derivative of -l**4/24 + 2*l**3/3 - 2*l**2. Suppose n = 1, -4*h + 0*n - n - 11 = 0. Let c be 2/6 - (-1)/h. Give t(c).
4
Suppose -4*a = 5*v + 7 + 37, 2 = -a + v. Let g = 11 + a. Let o(d) = -2*d + 55 + 3*d - 52. What is o(g)?
8
Let l be (0 - 0) + (-1 - -2). Let n(i) = -10*i - 6. Suppose -2*a = -2*x - 6, 29 = -3*x - a - a. Let j(p) = 10*p + 5. Let f(k) = x*j(k) - 6*n(k). Calculate f(l).
-9
Let g be 4/((2 - 2) + -1). Let l(a) = 0*a + 3 - 4*a**2 + 2*a - 138*a**3 + 137*a**3. Give l(g).
-5
Let u(a) = -a**2 - 8. Let t be 4/18 + (-14)/63. Calculate u(t).
-8
Suppose -2*d + 6*z + 31 = z, -4*z - 8 = 4*d. Suppose 0 = -8*j + d*j. Let i(p) = -p**2 - p + 1. What is i(j)?
1
Let o(t) = t**3 + 2*t**2 + t + 3. Suppose 0*s = -4*s - 16. Let g = s - -1. Calculate o(g).
-9
Suppose -4*g - 7 - 21 = 0. Let t(h) = -h**2 - 6*h + 3. Determine t(g).
-4
Let v(c) = -9*c**2 + 3*c + 18*c**2 - 10*c**2 + 2 - 2*c. Let a be -5*-2*1/(-5). Give v(a).
-4
Suppose 3*i = 5 + 1. Let d(a) = 1 - 3 + 2*a**i - 2*a + 4 - 3*a**2. Determine d(2).
-6
Let w = -20 - -14. Let c(u) = 3*u + 9. Calculate c(w).
-9
Let c(g) = -5*g + 2. Suppose -5*i - 7 = 3. What is c(i)?
12
Suppose -3*x + 30 = -6*x - 4*v, x - 2*v = 0. Let s(g) = g + 2. Determine s(x).
-4
Let a(i) = 24*i - 25*i + 5 + 2. Calculate a(6).
1
Suppose -4*g + 9 = -2*f - 3, -2*f = g + 12. Let b(d) = d. Calculate b(f).
-6
Let f(m) be the first derivative of -1/4*m**4 + 1/2*m**2 + 0*m + 1/3*m**3 - 1. Suppose -y - 2*y = l - 1, 0 = -y + 5*l + 27. What is f(y)?
-2
Let x = 13 + -8. Let g be (-1)/x - (-38)/(-10). Let j(y) be the first derivative of -y**2/2 + 3*y + 1. Determine j(g).
7
Let y(l) = l**3 - 3*l**2 - l - 1. Suppose 29 = 2*j + 21. Determine y(j).
11
Let l(a) be the second derivative of a**4/12 + 4*a**3/3 + 4*a**2 + 27*a. Determine l(-8).
8
Let x(i) = -4*i + 3. Let a(l) = 12*l + 1 - 10 - 3 + 3. Let j(b) = -2*a(b) - 7*x(b). Determine j(2).
5
Let q = 5 + -2. Suppose -n + q*n = 16. Let t = n + -3. Let v(y) = y - 3. Calculate v(t).
2
Let m(u) = 7*u**2 - 10 - u**3 - 30*u + 58*u - 19*u. Give m(8).
-2
Let n(g) = -9*g**2 + 8*g - 3. Let j be n(1). Let a(r) = -r**2 + 0 - 3 - 3*r - 1. Calculate a(j).
-8
Let g(v) = 2*v - 9. Let i = 14 + -8. What is g(i)?
3
Let r(i) be the second derivative of -3*i**7/280 - i**5/120 + 2*i**3/3 - 3*i. Let o(p) be the second derivative of r(p). Determine o(-1).
10
Let z(c) = c**3 + 5*c**2 - 6*c + 5. Let y = -15 - -9. Determine z(y).
5
Let y(q) = q. Let k be -2 + 1 + (2 + -6)/2. What is y(k)?
-3
Let y(h) be the second derivative of h**5/60 + 5*h**4/24 + h**3/2 - h**2 - 2*h. Let b(x) be the first derivative of y(x). Determine b(-3).
-3
Let t(j) = -2*j - 100 + 4*j + 96 + 0*j. Determine t(5).
6
Let k(s) be the first derivative of s**4/4 + s**3/3 - s**2/2 + 11*s - 2. What is k(0)?
11
Let n(m) = 0 + 4 + 4*m - 8*m**2 + 19*m**2 - 10*m**2. What is n(-6)?
16
Let y(f) = -8*f + 2*f**2 - 2*f**2 + 6 - f**2 + 4*f. Give y(-6).
-6
Let h(z) be the third derivative of z**6/60 - z**5/30 - z**4/12 + z**3/3 + 9*z**2. Determine h(2).
6
Let x(r) = r - 4. Suppose -l = 3*l - 8. Suppose 0 = -i - 2, 5*i + 2 + 11 = q. Suppose l*k = -q*k. What is x(k)?
-4
Let d(b) = 5*b + 0*b - b**2 + 1639 - 1643. Let q = -3 - -2. Let i(w) = 4*w**2 - 2*w - 1. Let x be i(q). Determine d(x).
-4
Let z(s) = -s**2 + 8*s - 9. Let o = -58 + 65. Calculate z(o).
-2
Suppose 11 = 5*n - u, n - 3*u = 5*n - 5. Let d be n/4 + (-11)/2. Let j(l) = 0*l - l - 9 + 0*l. What is j(d)?
-4
Let u(i) = -2*i**3 + 6*i**2 + 2*i + 2. Let z(s) = -5*s**3 + 13*s**2 + 4*s + 5. Let q(h) = -7*u(h) + 3*z(h). What is q(-3)?
7
Let u(j) = -j + 1. Suppose 4*y + 8 = 2*f + 2*y, 4*f = -3*y + 9. Let z be u(f). Let b(g) = 2*g + 3. Give b(z).
-1
Let u(o) = o**2 - 4*o - 8. Let j be u(7). Suppose -10*r = -j*r - 12. Let d(h) = -2*h - 2. Give d(r).
6
Let u(w) be the first derivative of 1/120*w**5 + w**3 + 3 + 0*w**4 + 0*w + 0*w**2. Let d(k) be the third derivative of u(k). What is d(5)?
5
Let z(b) be the first derivative of b**3/3 + 4*b**2 - 2*b - 22. Give z(-7).
-9
Suppose 0 = v + v - 6. Let a(w) = w + 1. Let n(t) = 4*t - 4*t + 2 + 0 + t. Let g(k) = v*n(k) - 2*a(k). Determine g(-3).
1
Let w = -2 - -10. Suppose -3*t + 1 = -w. Let d(p) = -3 + t - 2*p**2 - 3*p - 3. Determine d(-2).
-5
Let f be (-6)/(-9)*3/(-2). Let b(a) = -16*a + 17*a - 8*a. Give b(f).
7
Let j(t) = -t + 2. Let k = -16 + 19. Suppose k*g = 7*g + 20. What is j(g)?
7
Suppose 4*r - 2*r = 0. Let z = -5 - -8. Let h(y) = 4*y + 2 + 2 - z*y. Determine h(r).
4
Let c(o) be the second derivative of -o**5/20 + 5*o**4/12 - o**3/2 - 3*o**2/2 + o - 8. What is c(4)?
1
Let b(u) = -u + 1. Let w(a) = -5. Suppose 0 = 3*j + 2*j - 5. Let s(q) = j*b(q) + w(q). Determine s(-3).
-1
Suppose 8*z + 10 = -q + 4*z, -q + 4*z = -14. Let c(v) = 3 + 0*v - 3*v**q + v + 2*v**2. Determine c(0).
3
Let w(s) = 2*s**3 - 2*s**2 - s. Let x be w(-1). Let b(g) = 2*g - 2. Let l be b(3). Let q(o) = o**2 + l*o - 6*o - 2*o**2 + o. Give q(x).
-6
Let u(s) = s - 6*s**2 + s + s**3 - 2 + 3*s. Let d = 9 + -14. Let f = d + 10. What is u(f)?
-2
Let i(w) be the third derivative of -w**4/8 + w**3/2 - 5*w**2. Let n(g) = 5*g - 5. Let m(o) = 8*i(o) + 5*n(o). Calculate m(-4).
-5
Suppose -5*b = 0, 0*b = -2*p + 3*b + 20. Let x = p + -19. Let m(k) = -k**2 - 9*k - 5. Let w be m(x). Let y(q) = q + 3. Determine y(w).
-2
Let x(q) = 2*q - 1. Suppose 0 = 2*f - 29 + 33. Give x(f).
-5
Let z be 15*(3 - (-13)/(-5)). Let y(m) = 0*m + z + m - 3*m + m. Give y(5).
1
Let s(k) = k - 1. Let b(m) = -7*m + 6. Let x(t) = b(t) + 6*s(t). Calculate x(5).
-5
Let p(q) = 17*q. Let n be p(-1). Let c(h) = 20*h**3 + 2*h**2 + 12*h + 14. Let i(v) = 7*v**3 + v**2 + 4*v + 5. Let a(l) = n*i(l) + 6*c(l). Give a(4).
-1
Let v(h) = h**2 - 8*h + 7. Let c = -134 - -140. Determine v(c).
-5
Let t = 11 + -8. Let c(n) be the second derivative of 0 - 1/6*n**3 + 2*n - 1/2*n**2. Give c(t).
-4
Let b(m) be the first derivative of m**3 + m - 6. Give b(1).
4
Let h(t) = 2*t**3 - 2*t**2 + t. Let s be h(1). Let y be (-8)/(-12) - 4/6. Let r(q) = -s + q